nds digit of 187789?
1
What is the ten thousands digit of 29692230?
9
What is the units digit of 4991889?
9
What is the ten thousands digit of 6053032?
5
What is the hundred thousands digit of 2077260?
0
What is the millions digit of 6034079?
6
What is the units digit of 569732?
2
What is the units digit of 651270?
0
What is the thousands digit of 153459?
3
What is the hundreds digit of 5138337?
3
What is the ten thousands digit of 4067524?
6
What is the tens digit of 435307?
0
What is the tens digit of 5599508?
0
What is the ten thousands digit of 1428894?
2
What is the units digit of 37416?
6
What is the hundreds digit of 131180?
1
What is the tens digit of 1622369?
6
What is the tens digit of 132552?
5
What is the tens digit of 1866375?
7
What is the units digit of 50358?
8
What is the tens digit of 525199?
9
What is the hundreds digit of 1295964?
9
What is the hundred thousands digit of 4821652?
8
What is the tens digit of 2822034?
3
What is the thousands digit of 942070?
2
What is the millions digit of 3163921?
3
What is the units digit of 7864436?
6
What is the millions digit of 6894146?
6
What is the tens digit of 529993?
9
What is the units digit of 313106?
6
What is the hundred thousands digit of 3105634?
1
What is the hundreds digit of 399408?
4
What is the hundreds digit of 14025774?
7
What is the thousands digit of 80813?
0
What is the units digit of 176947?
7
What is the thousands digit of 7607740?
7
What is the thousands digit of 3784032?
4
What is the units digit of 12891355?
5
What is the hundred thousands digit of 3448015?
4
What is the thousands digit of 946101?
6
What is the ten thousands digit of 187839?
8
What is the thousands digit of 43942?
3
What is the ten thousands digit of 30940808?
4
What is the thousands digit of 5954846?
4
What is the thousands digit of 285928?
5
What is the hundred thousands digit of 119978?
1
What is the hundreds digit of 291654?
6
What is the units digit of 219225?
5
What is the units digit of 613458?
8
What is the units digit of 1790428?
8
What is the units digit of 5883747?
7
What is the hundreds digit of 15146425?
4
What is the tens digit of 16324512?
1
What is the units digit of 10557020?
0
What is the units digit of 7645491?
1
What is the hundreds digit of 316247?
2
What is the hundreds digit of 131617?
6
What is the ten thousands digit of 814302?
1
What is the millions digit of 1954287?
1
What is the ten thousands digit of 6954199?
5
What is the hundreds digit of 3502750?
7
What is the thousands digit of 3327532?
7
What is the hundreds digit of 154168?
1
What is the ten thousands digit of 36031862?
3
What is the hundreds digit of 696100?
1
What is the ten thousands digit of 437900?
3
What is the thousands digit of 2991925?
1
What is the millions digit of 1072774?
1
What is the ten thousands digit of 8158934?
5
What is the thousands digit of 737503?
7
What is the tens digit of 1643758?
5
What is the hundreds digit of 19575086?
0
What is the ten thousands digit of 51901?
5
What is the units digit of 5886449?
9
What is the tens digit of 753914?
1
What is the ten thousands digit of 920939?
2
What is the thousands digit of 3123255?
3
What is the tens digit of 3415508?
0
What is the ten thousands digit of 1153022?
5
What is the thousands digit of 261522?
1
What is the units digit of 6967044?
4
What is the ten thousands digit of 3685625?
8
What is the thousands digit of 27373503?
3
What is the ten thousands digit of 1489783?
8
What is the hundred thousands digit of 165185?
1
What is the hundred thousands digit of 2530289?
5
What is the hundreds digit of 727704?
7
What is the tens digit of 224267?
6
What is the tens digit of 903932?
3
What is the hundred thousands digit of 737677?
7
What is the hundreds digit of 24509489?
4
What is the ten thousands digit of 4531459?
3
What is the hundreds digit of 667637?
6
What is the tens digit of 4293187?
8
What is the thousands digit of 6398?
6
What is the hundreds digit of 251005?
0
What is the units digit of 3696809?
9
What is the hundreds digit of 165985?
9
What is the millions digit of 5961236?
5
What is the hundreds digit of 8993681?
6
What is the ten thousands digit of 404932?
0
What is the tens digit of 86565?
6
What is the hundred thousands digit of 137271?
1
What is the millions digit of 16477529?
6
What is the units digit of 3251753?
3
What is the tens digit of 263712?
1
What is the hundred thousands digit of 2264227?
2
What is the thousands digit of 2381735?
1
What is the hundred thousands digit of 163023?
1
What is the thousands digit of 372118?
2
What is the ten thousands digit of 1812906?
1
What is the ten thousands digit of 1133487?
3
What is the units digit of 758709?
9
What is the millions digit of 1030776?
1
What is the hundreds digit of 23365041?
0
What is the units digit of 740016?
6
What is the tens digit of 7918290?
9
What is the tens digit of 8487885?
8
What is the ten thousands digit of 7600065?
0
What is the tens digit of 213115?
1
What is the units digit of 171998?
8
What is the hundreds digit of 629981?
9
What is the thousands digit of 8540906?
0
What is the ten millions digit of 10324088?
1
What is the thousands digit of 330178?
0
What is the units digit of 384283?
3
What is the millions digit of 37589490?
7
What is the hundred thousands digit of 633410?
6
What is the thousands digit of 469165?
9
What is the millions digit of 7921095?
7
What is the units digit of 379883?
3
What is the ten millions digit of 14320076?
1
What is the millions digit of 5956452?
5
What is the hundred thousands digit of 481843?
4
What is the tens digit of 187916?
1
What is the ten thousands digit of 268566?
6
What is the hundred thousands digit of 214195?
2
What is the ten thousands digit of 186387?
8
What is the hundred thousands digit of 4976990?
9
What is the hundred thousands digit of 3200204?
2
What is the units digit of 1436744?
4
What is the units digit of 17945923?
3
What is the tens digit of 77878?
7
What is the millions digit of 17935818?
7
What is the units digit of 118173?
3
What is the units digit of 290978?
8
What is the hundreds digit of 256856?
8
What is the ten thousands digit of 153226?
5
What is the hundred thousands digit of 4354334?
3
What is the tens digit of 31675?
7
What is the ten thousands digit of 2128289?
2
What is the hundreds digit of 26303176?
1
What is the ten thousands digit of 147899?
4
What is the tens digit of 4059092?
9
What is the units digit of 3355708?
8
What is the hundreds digit of 8829264?
2
What is the hundred thousands digit of 7214031?
2
What is the ten millions digit of 13869903?
1
What is the hundred thousands digit of 1139108?
1
What is the thousands digit of 113135?
3
What is the thousands digit of 2726828?
6
What is the hundred thousands digit of 1006673?
0
What is the millions digit of 4295208?
4
What is the millions digit of 1631727?
1
What is the tens digit of 9158821?
2
What is the tens digit of 105416?
1
What is the units digit of 689803?
3
What is the hundred thousands digit of 5151860?
1
What is the ten thousands digit of 8152761?
5
What is the ten thousands digit of 149081?
4
What is the ten thousands digit of 492594?
9
What is the hundred thousands digit of 192574?
1
What is the thousands digit of 7287914?
7
What is the ten thousands digit of 12647508?
4
What is the millions digit of 3866663?
3
What is the hundreds digit of 853258?
2
What is the ten millions digit of 22594492?
2
What is the units digit of 204528?
8
What is the hundred thousands digit of 2802384?
8
What is the units digit of 6024497?
7
What is the ten thousands digit of 1692464?
9
What is the units digit of 10795516?
6
What is the tens digit of 9790009?
0
What is the ten thousands digit of 74022?
7
What is the tens digit of 8101786?
8
What is the hundreds digit of 450940?
9
What is the hundred thousands digit of 350993?
3
What is the hundreds digit of 3985554?
5
What is the hundred thousands digit of 6924044?
9
What is the thousands digit of 327480?
7
What is the ten thousands digit of 1877255?
7
What is the tens digit of 351782?
8
What is the units digit of 500185?
5
What is the hundreds digit of 45706?
7
What is the units digit of 405632?
2
What is the thousands digit of 26028585?
8
What is the millions digit of 6775505?
6